{"id":8070,"date":"2019-02-01T19:01:21","date_gmt":"2019-02-02T03:01:21","guid":{"rendered":"http:\/\/www.cerveceriaicono.com\/icono\/?post_type=product&#038;p=8070"},"modified":"2020-08-10T21:14:26","modified_gmt":"2020-08-11T04:14:26","slug":"california70","status":"publish","type":"product","link":"https:\/\/www.cerveceriaicono.com\/icono\/product\/california70\/","title":{"rendered":"California 70"},"content":{"rendered":"<p>American Pale Ale<\/p>\n<p>Una versi\u00f3n moderna de la cl\u00e1sica Pale Ale Americana con una carga de l\u00fapulo extra que le proporciona aromas c\u00edtricos, resinosos y suficiente sabor a malta para equilibrar.<\/p>\n","protected":false},"excerpt":{"rendered":"<p>ABV 5,2% | IBU 60 | OG 1.104<\/p>\n<p>American Pale Ale.\u00a0Una versi\u00f3n moderna de la cl\u00e1sica Pale Ale Americana con una carga de l\u00fapulo extra que le proporciona aromas c\u00edtricos, resinosos y suficiente sabor a malta para equilibrar.<\/p>\n","protected":false},"featured_media":9437,"template":"","meta":[],"product_brand":[],"product_cat":[303],"product_tag":[227],"class_list":{"0":"post-8070","1":"product","2":"type-product","3":"status-publish","4":"has-post-thumbnail","6":"product_cat-craft-beer","7":"product_tag-wheat","10":"first","11":"instock","12":"shipping-taxable","13":"purchasable","14":"product-type-simple"},"_links":{"self":[{"href":"https:\/\/www.cerveceriaicono.com\/icono\/wp-json\/wp\/v2\/product\/8070","targetHints":{"allow":["GET"]}}],"collection":[{"href":"https:\/\/www.cerveceriaicono.com\/icono\/wp-json\/wp\/v2\/product"}],"about":[{"href":"https:\/\/www.cerveceriaicono.com\/icono\/wp-json\/wp\/v2\/types\/product"}],"wp:featuredmedia":[{"embeddable":true,"href":"https:\/\/www.cerveceriaicono.com\/icono\/wp-json\/wp\/v2\/media\/9437"}],"wp:attachment":[{"href":"https:\/\/www.cerveceriaicono.com\/icono\/wp-json\/wp\/v2\/media?parent=8070"}],"wp:term":[{"taxonomy":"product_brand","embeddable":true,"href":"https:\/\/www.cerveceriaicono.com\/icono\/wp-json\/wp\/v2\/product_brand?post=8070"},{"taxonomy":"product_cat","embeddable":true,"href":"https:\/\/www.cerveceriaicono.com\/icono\/wp-json\/wp\/v2\/product_cat?post=8070"},{"taxonomy":"product_tag","embeddable":true,"href":"https:\/\/www.cerveceriaicono.com\/icono\/wp-json\/wp\/v2\/product_tag?post=8070"}],"curies":[{"name":"wp","href":"https:\/\/api.w.org\/{rel}","templated":true}]}}