{"id":8073,"date":"2019-02-03T19:01:21","date_gmt":"2019-02-04T03:01:21","guid":{"rendered":"http:\/\/www.cerveceriaicono.com\/icono\/?post_type=product&#038;p=8073"},"modified":"2020-09-21T11:33:52","modified_gmt":"2020-09-21T18:33:52","slug":"hardy","status":"publish","type":"product","link":"https:\/\/www.cerveceriaicono.com\/icono\/product\/hardy\/","title":{"rendered":"Hardy"},"content":{"rendered":"<p>Double IPA<\/p>\n<p>Una cerveza fuerte y agresiva inspirada en las cervezas lupulosas del West Coast. Encontrar\u00e1s un perfil de l\u00fapulo m\u00e1s resinoso y c\u00edtrico proporcionados por el Mosaic y Simcoe con un final seco que no interfiere con la expresi\u00f3n del l\u00fapulo.<\/p>\n","protected":false},"excerpt":{"rendered":"<p>ABV 8,0% | IBU 60 | OG 1.104<\/p>\n<p>Double IPA<\/p>\n<p>Una cerveza fuerte y agresiva inspirada en las cervezas lupulosas del West Coast. Encontrar\u00e1s un perfil de l\u00fapulo m\u00e1s resinoso y c\u00edtrico proporcionados por el Mosaic y Simcoe con un final seco que no interfiere con la expresi\u00f3n del l\u00fapulo.<\/p>\n","protected":false},"featured_media":9506,"template":"","meta":[],"product_brand":[],"product_cat":[303,243,256],"product_tag":[227],"class_list":{"0":"post-8073","1":"product","2":"type-product","3":"status-publish","4":"has-post-thumbnail","6":"product_cat-craft-beer","7":"product_cat-20-liter-kegs","8":"product_cat-beer-cans","9":"product_tag-wheat","12":"first","13":"instock","14":"shipping-taxable","15":"purchasable","16":"product-type-simple"},"_links":{"self":[{"href":"https:\/\/www.cerveceriaicono.com\/icono\/wp-json\/wp\/v2\/product\/8073","targetHints":{"allow":["GET"]}}],"collection":[{"href":"https:\/\/www.cerveceriaicono.com\/icono\/wp-json\/wp\/v2\/product"}],"about":[{"href":"https:\/\/www.cerveceriaicono.com\/icono\/wp-json\/wp\/v2\/types\/product"}],"wp:featuredmedia":[{"embeddable":true,"href":"https:\/\/www.cerveceriaicono.com\/icono\/wp-json\/wp\/v2\/media\/9506"}],"wp:attachment":[{"href":"https:\/\/www.cerveceriaicono.com\/icono\/wp-json\/wp\/v2\/media?parent=8073"}],"wp:term":[{"taxonomy":"product_brand","embeddable":true,"href":"https:\/\/www.cerveceriaicono.com\/icono\/wp-json\/wp\/v2\/product_brand?post=8073"},{"taxonomy":"product_cat","embeddable":true,"href":"https:\/\/www.cerveceriaicono.com\/icono\/wp-json\/wp\/v2\/product_cat?post=8073"},{"taxonomy":"product_tag","embeddable":true,"href":"https:\/\/www.cerveceriaicono.com\/icono\/wp-json\/wp\/v2\/product_tag?post=8073"}],"curies":[{"name":"wp","href":"https:\/\/api.w.org\/{rel}","templated":true}]}}